-1 + 1)?
0
Suppose -2*q + 56 = -2*l, -2*q - 2*l - 2*l + 56 = 0. Suppose -4*n + 3*f + 0*f + 34 = 0, 0 = -n - f + 12. Calculate the remainder when q is divided by n.
8
Suppose 13*v = -5*v + 6606. What is the remainder when v is divided by 18?
7
Suppose 284 = -t + 5*t + j, 2*j = -4*t + 280. Calculate the remainder when 644 is divided by t.
68
Suppose -70 = -h - 13. Suppose 0 = -5*m + 1 + 9, -2*s + 3*m = -14. Calculate the remainder when h is divided by s.
7
Let z be 29/1 + 19/19. Let b be (z/(-24))/(1/(-28)). What is the remainder when 65 is divided by (-11)/22 - b/(-2)?
14
Suppose 5*m - 27 = 2*f + 81, 0 = 2*f - 2. What is the remainder when 106 is divided by m?
18
Suppose -7*b - 3 = -5*b + 5*j, -j = b - 3. Suppose -b*r + 715 = 5*r. Calculate the remainder when r is divided by 11.
10
Suppose -3*n = 18 - 36. Suppose 5*j = 3*j + 34. What is the remainder when j is divided by n?
5
Let q(t) = -t**2 + 3*t + 8. What is the remainder when (-3)/5 - 1062/(-45) is divided by q(0)?
7
Let n(v) = v**2 + 2*v + 22. Suppose 0 = z - 7 - 6. What is the remainder when n(-5) is divided by z?
11
Calculate the remainder when 2/3*117084/88 is divided by 127.
125
Suppose 3*g = g + 8. Suppose 5*n + 2*t - 149 = 0, -g*n + 114 + 6 = 2*t. What is the remainder when n is divided by 14?
1
Let g(u) = u + 1 + 3 - 1 + 17*u**2 + 0*u. What is the remainder when g(2) is divided by 19?
16
Let m = -6 - -11. Suppose 2*o + 29 = 3*o - 4*c, -3*o = -m*c - 59. What is the remainder when 41 is divided by o?
2
Let a(b) = 3*b**2 - 7*b + 1. Suppose 0 = n - 4*r - 13, -n + 3*n + 5*r = -26. Calculate the remainder when 242 is divided by a(n).
46
Let p = 91 + -44. Suppose 0*r - a = 4*r - p, 4*r - 2*a - 38 = 0. Let f(v) = v**3 + v**2 + v + 30. Calculate the remainder when f(0) is divided by r.
8
Let s be 47 + -6*4/(-8). Suppose -4*b = -2 - s. What is the remainder when 141 is divided by b?
11
Suppose 5*j = -2*s + 225, 13 - 3 = 2*s. Calculate the remainder when j is divided by 16.
11
Calculate the remainder when 1806/18 - (-2 + (-4)/(-3)) is divided by 52.
49
Let k(j) = -2*j**3 + j**2 + 2*j - 5. Let w be k(-4). Let c = -110 + 38. Let m = w + c. What is the remainder when m is divided by 15?
14
Let q = -1439 + 1465. Calculate the remainder when 2130 is divided by q.
24
Suppose -2*v + 22 = q - 0, -62 = -3*q - 4*v. Let s(b) = 24*b**2 - b - 1. Let n be s(-2). Let y = -65 + n. What is the remainder when y is divided by q?
14
Suppose 2*y - 3*k + 1 - 58 = 0, 5*k = 5*y - 135. Calculate the remainder when 88 is divided by y.
16
Let a = -897 - -929. Suppose -4*u = 2*l - 62 + 18, -5*l - 10 = 0. Calculate the remainder when a is divided by u.
8
Suppose 5*q - 218 = -f, 4*f - 284 - 540 = 4*q. Let a(o) = -43*o - 44. What is the remainder when f is divided by a(-2)?
40
Suppose -4*t + 230 = -14*t. Let n = 42 + -6. Let a = n + t. What is the remainder when 23 is divided by a?
10
Let j(w) = -w + 23. Let t = 170 - 126. Calculate the remainder when t is divided by j(0).
21
Suppose 0 = -8*a + 13*a - 370. What is the remainder when a is divided by 38?
36
Let w(s) = s**3 + s**2 - 8*s - 4. What is the remainder when 36 is divided by w(3)?
4
Suppose 474 = 26*n - 384. Calculate the remainder when n is divided by 9.
6
Suppose -u = -s + 2 + 8, 3*s - 24 = 2*u. Let z(w) = -2*w**2 - 11*w + 7. What is the remainder when 9 is divided by z(u)?
0
Let j be 30/4*4/6. Suppose 0 = c - 5*a - 0 + 2, -j*c + 2*a + 13 = 0. Let r = -6 + 17. Calculate the remainder when r is divided by c.
2
Suppose -8*a + 1435 + 941 = 0. Calculate the remainder when a is divided by 40.
17
Suppose -h - 4*h + 55 = 0. Calculate the remainder when 107 is divided by h.
8
Let m(a) = a**3 + 2*a**2 - 13*a + 4. Let l be m(5). Suppose l = 4*p - p. Calculate the remainder when p is divided by 21.
17
Let j = -30 + 64. Calculate the remainder when 61 is divided by j.
27
Suppose -t + 5*o = 149, 0*t + 2*t + 2*o + 250 = 0. Let k = -72 - t. Calculate the remainder when k is divided by 20.
17
What is the remainder when 26 is divided by 3/5 + (-1323)/(-245)?
2
Let f be (-1 - -6)*3/(-5). Let b be -3 - 6*f/6. Suppose b = r - 24. Calculate the remainder when r is divided by 13.
11
Suppose 9*m - 11*m - 5*o + 89 = 0, 4*m + 3*o - 199 = 0. What is the remainder when 357 is divided by m?
45
Suppose -6 = 3*z, -549 = -5*q - 0*z + 2*z. What is the remainder when q is divided by 10?
9
Let q(c) = -c**2 - 12*c - 7. What is the remainder when q(-6) is divided by 12?
5
Let k = -163 + 179. What is the remainder when k is divided by 3?
1
Suppose 4*s - 37 - 43 = 4*q, 2*s = -2*q + 56. Suppose 0 = -5*z + 8*z - s. What is the remainder when 17 is divided by z?
1
Let m = 1511 + -928. What is the remainder when m is divided by 45?
43
Let g(m) = 14*m**3 + 5*m**2 - 5*m + 1. Calculate the remainder when 808 is divided by g(1).
13
Suppose -12*w + 73 = 4*k - 9*w, -59 = -2*k + 3*w. Let g = 77 - 14. What is the remainder when g is divided by k?
19
Let x = 131 + -127. Calculate the remainder when 9 is divided by x.
1
Let m be (-610)/(-90) - (-4)/18. Suppose -m*l = -2*l - 25. Calculate the remainder when 11 is divided by l.
1
Suppose k - 17 = -5*s, 1 = 2*s + 2*k - 1. Suppose 0 = 4*l + c - 2*c - 8, -s*l + 8 = -3*c. What is the remainder when 28 is divided by l/4*-10*-3?
13
Suppose 0*o + 9 = 3*o. Suppose -o*w - w = -32. Let m = w + -7. Calculate the remainder when 3 is divided by m.
0
Let m = 281 + -268. Calculate the remainder when 103 is divided by m.
12
Suppose 31 = -o + 3*o + t, -3*t = -4*o + 37. What is the remainder when ((-380)/(-110))/((-8)/(-88) - 0) is divided by o?
12
Suppose -4*j + 3 = -4*o - 1, 15 = 3*j + 3*o. Suppose 2*y - y - 111 = 0. Calculate the remainder when j/(9/y)*1 is divided by 13.
11
Let k be (-77)/(-15) - -1*(-2)/15. Suppose 0 = z + k*q - 81, 178 = 3*z + 2*q - 0*q. What is the remainder when 220 is divided by z?
52
Let w(i) = -i**3 + 7*i**2 + 3*i - 3. Let u = -86 + 152. Let g = -56 + u. What is the remainder when w(7) is divided by g?
8
Suppose 2*i + 32 = g - i, 90 = 3*g - 3*i. Let a = -10 + 20. Calculate the remainder when g is divided by a.
9
Suppose -4*n - 12 - 12 = 0. What is the remainder when 85 is divided by (n/9)/((-12)/522)?
27
Let j(q) = -q**2 - 27*q - 63. What is the remainder when 135 is divided by j(-21)?
9
Let x = 845 - 369. Calculate the remainder when x is divided by 121.
113
Suppose -5791 = -5*k - 1571. What is the remainder when k is divided by 9?
7
Let w(o) = 5*o**2 + 5*o + 1. Let f be w(-2). Suppose 131 = 4*n + f. What is the remainder when 177 is divided by n?
27
Suppose -5*f - 9 = -p + 10, 0 = -5*f. Calculate the remainder when 144 is divided by p.
11
Let x(h) be the third derivative of 25*h**4/8 + h**3/6 - h**2 + 2. Calculate the remainder when x(1) is divided by 16.
12
Suppose 4*p + 4*z = 108, -2*p + 39 + 43 = -5*z. Let m(l) = -l. What is the remainder when p is divided by m(-8)?
7
Suppose 0 = -2*b + 2*w + 212, 7*w = 5*b + 9*w - 537. What is the remainder when b is divided by 55?
52
Let v(y) = -y**3 + 5*y**2 - 3*y. Let f be v(5). Let m = f + 17. Suppose -h + 7 = m. What is the remainder when h is divided by 2?
1
Let u(l) = -l**3 - 4*l**2 - 2*l - 4. Let b be u(-6). Suppose 0*i - 3*i + b = 5*t, 1 = 2*t - 5*i. What is the remainder when 74 is divided by t?
9
Suppose f - 15 = -4*f, -691 = -2*a + 3*f. Suppose 0 = 5*t, -5*t - a - 370 = -3*r. Calculate the remainder when (-78)/4*r/(-36) is divided by 33.
31
Let o(w) = 2*w**3 - 9*w**2 - 9*w - 4. What is the remainder when 62 is divided by o(6)?
12
Suppose s = -5*g + 2188, 3*s - 446 = 34*g - 35*g. What is the remainder when g is divided by 22?
19
Suppose 2*u + 12*u = 546. Suppose -3*y - c - 30 = 0, -5*y - 5 = -2*c + 45. Calculate the remainder when u is divided by -1 + -1 + 0 - y.
7
Let y(j) = 54*j - 54. Calculate the remainder when 128 is divided by y(2).
20
Let v be 2/3 + (-1115)/(-15). Let u = -22 + v. What is the remainder when u is divided by 56/(2/4*4)?
25
Let h(d) = -3*d**3 - 5*d**2 - 7*d - 1. Let z = 54 - 22. What is the remainder when z is divided by h(-2)?
15
What is the remainder when 258 is divided by (-332)/6*9*(-7)/42?
9
Let t be ((-3)/((-6)/(-34)))/(-1). Suppose t*p = 29 + 73. What is the remainder when 9 is divided by p?
3
Let a(p) = -2*p - 8. Let h(j) = j**2 - 10*j - 8. Let v be h(9). What is the remaind